{"id":919,"date":"2020-07-06T20:39:26","date_gmt":"2020-07-06T20:39:26","guid":{"rendered":"https:\/\/uma.edu-vd.ch\/?page_id=919"},"modified":"2025-03-17T08:05:21","modified_gmt":"2025-03-17T08:05:21","slug":"accueillir-un-eleve","status":"publish","type":"page","link":"https:\/\/uma.edu-vd.ch\/index.php\/accueillir-un-eleve\/","title":{"rendered":"Accueillir un \u00e9l\u00e8ve allophone"},"content":{"rendered":"\n<div class=\"wp-block-columns is-layout-flex wp-container-core-columns-is-layout-9d6595d7 wp-block-columns-is-layout-flex\">\n<div class=\"wp-block-column is-layout-flow wp-block-column-is-layout-flow\">\n<p><em>L&rsquo;UMA propose des formations \u00e0 l&rsquo;entretien d&rsquo;accueil et aux outils de positionnement. Vous pouvez contacter votre <a href=\"https:\/\/www.vd.ch\/toutes-les-autorites\/departements\/departement-de-la-formation-de-la-jeunesse-et-de-la-culture-dfjc\/service-de-lenseignement-specialise-et-de-lappui-a-la-formation-sesaf\/uma\/#c2056130\" target=\"_blank\" rel=\"noreferrer noopener\">d\u00e9l\u00e9gu\u00e9 r\u00e9gional<\/a> ou le <a href=\"https:\/\/www.vd.ch\/themes\/formation\/enseignement-obligatoire-et-pedagogie-specialisee\/uma#c2056130\" target=\"_blank\" rel=\"noreferrer noopener\">secr\u00e9tariat de l&rsquo;UMA<\/a> pour plus d&rsquo;informations.<\/em><\/p>\n\n\n\n<h3 class=\"wp-block-heading\"><strong>L&rsquo;importance du premier accueil<\/strong><\/h3>\n\n\n\n<p>La qualit\u00e9 des premi\u00e8res rencontres d\u00e9termine l\u2019entr\u00e9e dans les apprentissages puis de l\u2019int\u00e9gration scolaire et sociale de l\u2019\u00e9l\u00e8ve allophone. Le soin apport\u00e9 \u00e0 l\u2019accueil qui leur est r\u00e9serv\u00e9 influence les premi\u00e8res impressions des nouveaux arrivants et marque les d\u00e9buts de leur int\u00e9gration. Il t\u00e9moigne des efforts d\u00e9ploy\u00e9s pour assurer la r\u00e9ciprocit\u00e9 des \u00e9changes ainsi que l\u2019amorce d\u2019une future collaboration et d\u2019une confiance mutuelle. Les services d\u2019un interpr\u00e8te sont requis pour favoriser la communication. Dans cette section, vous trouverez des outils pour vous aider \u00e0 organiser cette premi\u00e8re rencontre.<\/p>\n<\/div>\n<\/div>\n\n\n\n<div class=\"wp-block-columns is-layout-flex wp-container-core-columns-is-layout-9d6595d7 wp-block-columns-is-layout-flex\">\n<div class=\"wp-block-column is-layout-flow wp-block-column-is-layout-flow\" style=\"flex-basis:66.66%\">\n<h3 class=\"wp-block-heading\"><strong>L&rsquo;entretien d&rsquo;accueil<\/strong><\/h3>\n\n\n\n<p>La mise sur pied d\u2019un entretien d\u2019accueil fait partie des mesures de soutien \u00e0 offrir aux \u00e9l\u00e8ves allophones et \u00e0 leurs parents. Il permet aussi de g\u00e9rer de mani\u00e8re plus efficace les mesures propos\u00e9es aux \u00e9l\u00e8ves. Il inclut <em><strong>l\u2019inscription, une entrevue initiale avec l\u2019\u00e9l\u00e8ve et sa famille, son \u00e9valuation langagi\u00e8re en fran\u00e7ais ainsi que l\u2019utilisation d\u2019un outil de positionnement en langue d\u2019origine et en math\u00e9matiques pour rep\u00e9rer les \u00e9l\u00e8ves en situation de grand retard scolaire ou avec des besoins particuliers.<\/strong> <\/em>Il peut aussi contenir des \u00e9valuations dans d\u2019autres langues ma\u00eetris\u00e9es par l\u2019\u00e9l\u00e8ve. Il d\u00e9bouche sur une proposition d\u2019enclassement motiv\u00e9e et expliqu\u00e9e.<\/p>\n<\/div>\n\n\n\n<div class=\"wp-block-column is-layout-flow wp-block-column-is-layout-flow\" style=\"flex-basis:33.33%\">\n<p><strong>RESSOURCE<\/strong><\/p>\n\n\n<div class=\"wp-block-image\">\n<figure class=\"alignleft size-full is-resized\"><a href=\"https:\/\/uma.edu-vd.ch\/wp-content\/uploads\/2023\/08\/GuideEntretienAccueil_UMA_02-2022.pdf\" target=\"_blank\" rel=\"noreferrer noopener\"><img loading=\"lazy\" decoding=\"async\" width=\"608\" height=\"871\" src=\"https:\/\/uma.edu-vd.ch\/wp-content\/uploads\/2023\/08\/Image_versionfevrier2022.jpg\" alt=\"\" class=\"wp-image-2471\" style=\"aspect-ratio:0.6948051948051948;width:214px;height:auto\" srcset=\"https:\/\/uma.edu-vd.ch\/wp-content\/uploads\/2023\/08\/Image_versionfevrier2022.jpg 608w, https:\/\/uma.edu-vd.ch\/wp-content\/uploads\/2023\/08\/Image_versionfevrier2022-209x300.jpg 209w\" sizes=\"auto, (max-width: 608px) 100vw, 608px\" \/><\/a><\/figure>\n<\/div><\/div>\n<\/div>\n\n\n\n<p><\/p>\n\n\n\n<div class=\"wp-block-columns is-layout-flex wp-container-core-columns-is-layout-9d6595d7 wp-block-columns-is-layout-flex\">\n<div class=\"wp-block-column is-layout-flow wp-block-column-is-layout-flow\" style=\"flex-basis:66.66%\">\n<h3 class=\"wp-block-heading\"><strong>L\u2019\u00e9valuation des comp\u00e9tences scolaires<\/strong><\/h3>\n\n\n\n<p>L\u2019\u00e9valuation des comp\u00e9tences scolaires permet de d\u00e9tecter pr\u00e9cocement les \u00e9l\u00e8ves en grand retard scolaire et inversement ceux qui d\u00e9montrent d\u2019excellentes capacit\u00e9s. La partie test de positionnement (\u00e9valuation en langue d\u2019origine, en anglais, en fran\u00e7ais et en math\u00e9matiques) peut se faire dans un deuxi\u00e8me temps par un autre intervenant mais cela retarde la d\u00e9termination d\u2019une orientation fiable, s\u00fbre et respectueuse du parcours scolaire ant\u00e9rieur de l\u2019\u00e9l\u00e8ve allophone. Dans certains \u00e9tablissements, ces tests sont effectu\u00e9s lors de la premi\u00e8re semaine d\u2019\u00e9cole, \u00e0 l\u2019exception du test en langue d\u2019origine qui se fait lors de l\u2019entretien d\u2019accueil. <\/p>\n<\/div>\n\n\n\n<div class=\"wp-block-column is-layout-flow wp-block-column-is-layout-flow\" style=\"flex-basis:33.33%\">\n<p><strong>RESSOURCES<\/strong><\/p>\n\n\n\n<p><a href=\"https:\/\/eduvd.sharepoint.com\/sites\/UMA\/SitePages\/Entretien_accueil.aspx\" target=\"_blank\" rel=\"noreferrer noopener\">Outils de positionnement disponibles sur le Sharepoint de l&rsquo;UMA<\/a><\/p>\n<\/div>\n<\/div>\n\n\n\n<p><\/p>\n\n\n\n<div class=\"wp-block-columns is-layout-flex wp-container-core-columns-is-layout-9d6595d7 wp-block-columns-is-layout-flex\">\n<div class=\"wp-block-column is-layout-flow wp-block-column-is-layout-flow\" style=\"flex-basis:66.66%\">\n<h3 class=\"wp-block-heading\"><strong>La pr\u00e9sentation de l\u2019\u00e9cole vaudoise<\/strong><\/h3>\n\n\n\n<p>Pr\u00e9senter notre syst\u00e8me de formation de mani\u00e8re succincte contribue \u00e0 rassurer la famille en l\u2019aidant \u00e0 mieux comprendre son nouvel environnement.<\/p>\n<\/div>\n\n\n\n<div class=\"wp-block-column is-layout-flow wp-block-column-is-layout-flow\" style=\"flex-basis:33.33%\">\n<p><strong>RESSOURCES<\/strong><\/p>\n\n\n\n<ul class=\"wp-block-list\">\n<li><a href=\"https:\/\/www.vd.ch\/themes\/formation\/enseignement-obligatoire-et-pedagogie-specialisee\/deroulement-de-lecole-obligatoire-dans-le-canton-de-vaud#c2085722\" target=\"_blank\" rel=\"noreferrer noopener\">D\u00e9pliants d&rsquo;informations aux parents<\/a><\/li>\n\n\n\n<li><a rel=\"noreferrer noopener\" href=\"https:\/\/www.vd.ch\/themes\/formation\/enseignement-obligatoire-et-pedagogie-specialisee\/parent-information-and-translated-documents-documents-traduits-dinformation-aux-parents\" target=\"_blank\">Documents traduits d&rsquo;information aux parents<\/a><\/li>\n\n\n\n<li><a href=\"https:\/\/www.vd.ch\/themes\/formation\/enseignement-obligatoire-et-pedagogie-specialisee\/deroulement-de-lecole-obligatoire-dans-le-canton-de-vaud\/grilles-horaires\" target=\"_blank\" rel=\"noreferrer noopener\">Grilles horaires<\/a><\/li>\n\n\n\n<li><a href=\"https:\/\/www.vd.ch\/themes\/formation\/jours-feries-et-vacances-scolaires\" target=\"_blank\" rel=\"noreferrer noopener\">Jours f\u00e9ri\u00e9s et vacances scolaires<\/a><\/li>\n\n\n\n<li><a href=\"https:\/\/www.vd.ch\/fileadmin\/user_upload\/organisation\/dfj\/dgeo\/fichiers_pdf\/PER-Parents-CLEO_Vimpression_5_2013.pdf\" target=\"_blank\" rel=\"noreferrer noopener\">PER &#8211; document d&rsquo;information aux parents<\/a><\/li>\n\n\n\n<li><a href=\"https:\/\/www.vd.ch\/themes\/formation\/enseignement-obligatoire-et-pedagogie-specialisee\/parent-information-and-translated-documents-documents-traduits-dinformation-aux-parents\/schemas-comparatifs-par-pays\" target=\"_blank\" rel=\"noreferrer noopener\">Sch\u00e9mas comparatifs par pays<\/a><\/li>\n\n\n\n<li><a href=\"https:\/\/www.vd.ch\/themes\/formation\/enseignement-obligatoire-et-pedagogie-specialisee\/deroulement-de-lecole-obligatoire-dans-le-canton-de-vaud#c2085724\" target=\"_blank\" rel=\"noreferrer noopener\">Structure de l&rsquo;\u00e9cole vaudoise<\/a><\/li>\n<\/ul>\n<\/div>\n<\/div>\n\n\n\n<p><\/p>\n\n\n\n<div class=\"wp-block-columns is-layout-flex wp-container-core-columns-is-layout-9d6595d7 wp-block-columns-is-layout-flex\">\n<div class=\"wp-block-column is-layout-flow wp-block-column-is-layout-flow\" style=\"flex-basis:66.66%\">\n<h3 class=\"wp-block-heading\"><strong>Le recours \u00e0 des interpr\u00e8tes form\u00e9s<\/strong><\/h3>\n\n\n\n<p>La loi scolaire pr\u00e9voit la possibilit\u00e9 de faire appel \u00e0 des interpr\u00e8tes afin de communiquer de mani\u00e8re optimale avec la famille. Ce service est gratuit pour les familles.<\/p>\n\n\n\n<p class=\"has-background has-small-font-size\" style=\"background-color:#eef0f1\"><em><strong>RLEO Art. 75 Interpr\u00e8tes (LEO art. 102)<\/strong><br>1 Les \u00e9tablissements peuvent recourir \u00e0 des interpr\u00e8tes pour leur communication avec les familles des \u00e9l\u00e8ves allophones, sans frais pour les parents.<\/em><\/p>\n<\/div>\n\n\n\n<div class=\"wp-block-column is-layout-flow wp-block-column-is-layout-flow\" style=\"flex-basis:33.33%\">\n<p><strong>RESSOURCES<\/strong><\/p>\n\n\n\n<ul class=\"wp-block-list\">\n<li><a href=\"https:\/\/www.appartenances.ch\/index746d.html\" target=\"_blank\" rel=\"noreferrer noopener\">Appartenances : <\/a>Interpr\u00e9tariat communautaire<\/li>\n\n\n\n<li><a href=\"https:\/\/www.oseo-vs.ch\/avic-action-valaisanne-pour-l-interpretariat-communautaire\/\" target=\"_blank\" rel=\"noreferrer noopener\">AVIC<\/a> : Association valaisanne pour l\u2019interpr\u00e9tariat communautaire<\/li>\n\n\n\n<li><a href=\"https:\/\/www.bhaasha.ch\/#\/\" target=\"_blank\" rel=\"noreferrer noopener\">BHAASHA :<\/a> Interpr\u00e9tariat communautaire et m\u00e9diation interculturelle<\/li>\n\n\n\n<li><a href=\"https:\/\/www.procom-deaf.ch\/fr\/Dolmetschdienst.aspx\" target=\"_blank\" rel=\"noreferrer noopener\">Procom<\/a> : Interpr\u00e9tariat en langue des signes<\/li>\n<\/ul>\n<\/div>\n<\/div>\n\n\n\n<p><\/p>\n\n\n\n<div class=\"wp-block-columns is-layout-flex wp-container-core-columns-is-layout-9d6595d7 wp-block-columns-is-layout-flex\">\n<div class=\"wp-block-column is-layout-flow wp-block-column-is-layout-flow\" style=\"flex-basis:66.66%\">\n<h3 class=\"wp-block-heading\"><strong>Primo information pour les parents<\/strong><\/h3>\n<\/div>\n\n\n\n<div class=\"wp-block-column is-layout-flow wp-block-column-is-layout-flow\" style=\"flex-basis:33.33%\">\n<p><strong>RESSOURCES<\/strong><\/p>\n\n\n\n<ul class=\"wp-block-list\">\n<li><a href=\"https:\/\/uma.edu-vd.ch\/wp-content\/uploads\/2024\/11\/UMA_Primo-Information_2024-2025.pdf\">Document Primo-information UMA 2024-2025<\/a><\/li>\n\n\n\n<li><a href=\"https:\/\/www.vaud-bienvenue.ch\/\" target=\"_blank\" rel=\"noreferrer noopener\">Plateforme Bienvenue Vaud : <\/a>Informations g\u00e9n\u00e9rales, cours de fran\u00e7ais et travail<\/li>\n<\/ul>\n<\/div>\n<\/div>\n","protected":false},"excerpt":{"rendered":"<p>L&rsquo;UMA propose des formations \u00e0 l&rsquo;entretien d&rsquo;accueil et aux outils de positionnement. Vous pouvez contacter votre d\u00e9l\u00e9gu\u00e9 r\u00e9gional ou le secr\u00e9tariat de l&rsquo;UMA pour plus d&rsquo;informations. L&rsquo;importance du premier accueil La qualit\u00e9 des premi\u00e8res rencontres d\u00e9termine l\u2019entr\u00e9e dans les apprentissages [&hellip;]<\/p>\n","protected":false},"author":1,"featured_media":0,"parent":0,"menu_order":0,"comment_status":"closed","ping_status":"closed","template":"template-full-width.php","meta":{"footnotes":""},"class_list":["post-919","page","type-page","status-publish","hentry"],"_links":{"self":[{"href":"https:\/\/uma.edu-vd.ch\/index.php\/wp-json\/wp\/v2\/pages\/919","targetHints":{"allow":["GET"]}}],"collection":[{"href":"https:\/\/uma.edu-vd.ch\/index.php\/wp-json\/wp\/v2\/pages"}],"about":[{"href":"https:\/\/uma.edu-vd.ch\/index.php\/wp-json\/wp\/v2\/types\/page"}],"author":[{"embeddable":true,"href":"https:\/\/uma.edu-vd.ch\/index.php\/wp-json\/wp\/v2\/users\/1"}],"replies":[{"embeddable":true,"href":"https:\/\/uma.edu-vd.ch\/index.php\/wp-json\/wp\/v2\/comments?post=919"}],"version-history":[{"count":73,"href":"https:\/\/uma.edu-vd.ch\/index.php\/wp-json\/wp\/v2\/pages\/919\/revisions"}],"predecessor-version":[{"id":2797,"href":"https:\/\/uma.edu-vd.ch\/index.php\/wp-json\/wp\/v2\/pages\/919\/revisions\/2797"}],"wp:attachment":[{"href":"https:\/\/uma.edu-vd.ch\/index.php\/wp-json\/wp\/v2\/media?parent=919"}],"curies":[{"name":"wp","href":"https:\/\/api.w.org\/{rel}","templated":true}]}}

Accueillir un élève allophone

<div class="wp-block-columns is-layout-flex wp-container-core-columns-is-layout-9d6595d7 wp-block-columns-is-layout-flex">
<div class="wp-block-column is-layout-flow wp-block-column-is-layout-flow">
<p><em>L&rsquo;UMA propose des formations à l&rsquo;entretien d&rsquo;accueil et aux outils de positionnement. Vous pouvez contacter votre <a href="https://www.vd.ch/toutes-les-autorites/departements/departement-de-la-formation-de-la-jeunesse-et-de-la-culture-dfjc/service-de-lenseignement-specialise-et-de-lappui-a-la-formation-sesaf/uma/#c2056130" target="_blank" rel="noreferrer noopener">délégué régional</a> ou le <a href="https://www.vd.ch/themes/formation/enseignement-obligatoire-et-pedagogie-specialisee/uma#c2056130" target="_blank" rel="noreferrer noopener">secrétariat de l&rsquo;UMA</a> pour plus d&rsquo;informations.</em></p>



<h3 class="wp-block-heading"><strong>L&rsquo;importance du premier accueil</strong></h3>



<p>La qualité des premières rencontres détermine l’entrée dans les apprentissages puis de l’intégration scolaire et sociale de l’élève allophone. Le soin apporté à l’accueil qui leur est réservé influence les premières impressions des nouveaux arrivants et marque les débuts de leur intégration. Il témoigne des efforts déployés pour assurer la réciprocité des échanges ainsi que l’amorce d’une future collaboration et d’une confiance mutuelle. Les services d’un interprète sont requis pour favoriser la communication. Dans cette section, vous trouverez des outils pour vous aider à organiser cette première rencontre.</p>
</div>
</div>



<div class="wp-block-columns is-layout-flex wp-container-core-columns-is-layout-9d6595d7 wp-block-columns-is-layout-flex">
<div class="wp-block-column is-layout-flow wp-block-column-is-layout-flow" style="flex-basis:66.66%">
<h3 class="wp-block-heading"><strong>L&rsquo;entretien d&rsquo;accueil</strong></h3>



<p>La mise sur pied d’un entretien d’accueil fait partie des mesures de soutien à offrir aux élèves allophones et à leurs parents. Il permet aussi de gérer de manière plus efficace les mesures proposées aux élèves. Il inclut <em><strong>l’inscription, une entrevue initiale avec l’élève et sa famille, son évaluation langagière en français ainsi que l’utilisation d’un outil de positionnement en langue d’origine et en mathématiques pour repérer les élèves en situation de grand retard scolaire ou avec des besoins particuliers.</strong> </em>Il peut aussi contenir des évaluations dans d’autres langues maîtrisées par l’élève. Il débouche sur une proposition d’enclassement motivée et expliquée.</p>
</div>



<div class="wp-block-column is-layout-flow wp-block-column-is-layout-flow" style="flex-basis:33.33%">
<p><strong>RESSOURCE</strong></p>


<div class="wp-block-image">
<figure class="alignleft size-full is-resized"><a href="https://uma.edu-vd.ch/wp-content/uploads/2023/08/GuideEntretienAccueil_UMA_02-2022.pdf" target="_blank" rel="noreferrer noopener"><img loading="lazy" decoding="async" width="608" height="871" src="https://uma.edu-vd.ch/wp-content/uploads/2023/08/Image_versionfevrier2022.jpg" alt="" class="wp-image-2471" style="aspect-ratio:0.6948051948051948;width:214px;height:auto" srcset="https://uma.edu-vd.ch/wp-content/uploads/2023/08/Image_versionfevrier2022.jpg 608w, https://uma.edu-vd.ch/wp-content/uploads/2023/08/Image_versionfevrier2022-209x300.jpg 209w" sizes="auto, (max-width: 608px) 100vw, 608px" /></a></figure>
</div></div>
</div>



<p></p>



<div class="wp-block-columns is-layout-flex wp-container-core-columns-is-layout-9d6595d7 wp-block-columns-is-layout-flex">
<div class="wp-block-column is-layout-flow wp-block-column-is-layout-flow" style="flex-basis:66.66%">
<h3 class="wp-block-heading"><strong>L’évaluation des compétences scolaires</strong></h3>



<p>L’évaluation des compétences scolaires permet de détecter précocement les élèves en grand retard scolaire et inversement ceux qui démontrent d’excellentes capacités. La partie test de positionnement (évaluation en langue d’origine, en anglais, en français et en mathématiques) peut se faire dans un deuxième temps par un autre intervenant mais cela retarde la détermination d’une orientation fiable, sûre et respectueuse du parcours scolaire antérieur de l’élève allophone. Dans certains établissements, ces tests sont effectués lors de la première semaine d’école, à l’exception du test en langue d’origine qui se fait lors de l’entretien d’accueil. </p>
</div>



<div class="wp-block-column is-layout-flow wp-block-column-is-layout-flow" style="flex-basis:33.33%">
<p><strong>RESSOURCES</strong></p>



<p><a href="https://eduvd.sharepoint.com/sites/UMA/SitePages/Entretien_accueil.aspx" target="_blank" rel="noreferrer noopener">Outils de positionnement disponibles sur le Sharepoint de l&rsquo;UMA</a></p>
</div>
</div>



<p></p>



<div class="wp-block-columns is-layout-flex wp-container-core-columns-is-layout-9d6595d7 wp-block-columns-is-layout-flex">
<div class="wp-block-column is-layout-flow wp-block-column-is-layout-flow" style="flex-basis:66.66%">
<h3 class="wp-block-heading"><strong>La présentation de l’école vaudoise</strong></h3>



<p>Présenter notre système de formation de manière succincte contribue à rassurer la famille en l’aidant à mieux comprendre son nouvel environnement.</p>
</div>



<div class="wp-block-column is-layout-flow wp-block-column-is-layout-flow" style="flex-basis:33.33%">
<p><strong>RESSOURCES</strong></p>



<ul class="wp-block-list">
<li><a href="https://www.vd.ch/themes/formation/enseignement-obligatoire-et-pedagogie-specialisee/deroulement-de-lecole-obligatoire-dans-le-canton-de-vaud#c2085722" target="_blank" rel="noreferrer noopener">Dépliants d&rsquo;informations aux parents</a></li>



<li><a rel="noreferrer noopener" href="https://www.vd.ch/themes/formation/enseignement-obligatoire-et-pedagogie-specialisee/parent-information-and-translated-documents-documents-traduits-dinformation-aux-parents" target="_blank">Documents traduits d&rsquo;information aux parents</a></li>



<li><a href="https://www.vd.ch/themes/formation/enseignement-obligatoire-et-pedagogie-specialisee/deroulement-de-lecole-obligatoire-dans-le-canton-de-vaud/grilles-horaires" target="_blank" rel="noreferrer noopener">Grilles horaires</a></li>



<li><a href="https://www.vd.ch/themes/formation/jours-feries-et-vacances-scolaires" target="_blank" rel="noreferrer noopener">Jours fériés et vacances scolaires</a></li>



<li><a href="https://www.vd.ch/fileadmin/user_upload/organisation/dfj/dgeo/fichiers_pdf/PER-Parents-CLEO_Vimpression_5_2013.pdf" target="_blank" rel="noreferrer noopener">PER &#8211; document d&rsquo;information aux parents</a></li>



<li><a href="https://www.vd.ch/themes/formation/enseignement-obligatoire-et-pedagogie-specialisee/parent-information-and-translated-documents-documents-traduits-dinformation-aux-parents/schemas-comparatifs-par-pays" target="_blank" rel="noreferrer noopener">Schémas comparatifs par pays</a></li>



<li><a href="https://www.vd.ch/themes/formation/enseignement-obligatoire-et-pedagogie-specialisee/deroulement-de-lecole-obligatoire-dans-le-canton-de-vaud#c2085724" target="_blank" rel="noreferrer noopener">Structure de l&rsquo;école vaudoise</a></li>
</ul>
</div>
</div>



<p></p>



<div class="wp-block-columns is-layout-flex wp-container-core-columns-is-layout-9d6595d7 wp-block-columns-is-layout-flex">
<div class="wp-block-column is-layout-flow wp-block-column-is-layout-flow" style="flex-basis:66.66%">
<h3 class="wp-block-heading"><strong>Le recours à des interprètes formés</strong></h3>



<p>La loi scolaire prévoit la possibilité de faire appel à des interprètes afin de communiquer de manière optimale avec la famille. Ce service est gratuit pour les familles.</p>



<p class="has-background has-small-font-size" style="background-color:#eef0f1"><em><strong>RLEO Art. 75 Interprètes (LEO art. 102)</strong><br>1 Les établissements peuvent recourir à des interprètes pour leur communication avec les familles des élèves allophones, sans frais pour les parents.</em></p>
</div>



<div class="wp-block-column is-layout-flow wp-block-column-is-layout-flow" style="flex-basis:33.33%">
<p><strong>RESSOURCES</strong></p>



<ul class="wp-block-list">
<li><a href="https://www.appartenances.ch/index746d.html" target="_blank" rel="noreferrer noopener">Appartenances : </a>Interprétariat communautaire</li>



<li><a href="https://www.oseo-vs.ch/avic-action-valaisanne-pour-l-interpretariat-communautaire/" target="_blank" rel="noreferrer noopener">AVIC</a> : Association valaisanne pour l’interprétariat communautaire</li>



<li><a href="https://www.bhaasha.ch/#/" target="_blank" rel="noreferrer noopener">BHAASHA :</a> Interprétariat communautaire et médiation interculturelle</li>



<li><a href="https://www.procom-deaf.ch/fr/Dolmetschdienst.aspx" target="_blank" rel="noreferrer noopener">Procom</a> : Interprétariat en langue des signes</li>
</ul>
</div>
</div>



<p></p>



<div class="wp-block-columns is-layout-flex wp-container-core-columns-is-layout-9d6595d7 wp-block-columns-is-layout-flex">
<div class="wp-block-column is-layout-flow wp-block-column-is-layout-flow" style="flex-basis:66.66%">
<h3 class="wp-block-heading"><strong>Primo information pour les parents</strong></h3>
</div>



<div class="wp-block-column is-layout-flow wp-block-column-is-layout-flow" style="flex-basis:33.33%">
<p><strong>RESSOURCES</strong></p>



<ul class="wp-block-list">
<li><a href="https://uma.edu-vd.ch/wp-content/uploads/2024/11/UMA_Primo-Information_2024-2025.pdf">Document Primo-information UMA 2024-2025</a></li>



<li><a href="https://www.vaud-bienvenue.ch/" target="_blank" rel="noreferrer noopener">Plateforme Bienvenue Vaud : </a>Informations générales, cours de français et travail</li>
</ul>
</div>
</div>

<p>L&rsquo;UMA propose des formations à l&rsquo;entretien d&rsquo;accueil et aux outils de positionnement. Vous pouvez contacter votre délégué régional ou le secrétariat de l&rsquo;UMA pour plus d&rsquo;informations. L&rsquo;importance du premier accueil La qualité des premières rencontres détermine l’entrée dans les apprentissages [&hellip;]</p>
